 -2 - -80b4?
80b2
In base 11, what is 3882a4 + 3?
3882a7
In base 8, what is 52 - -3?
55
In base 10, what is -38205 - 5?
-38210
In base 9, what is 228 - 73?
145
In base 3, what is -1 + 2202011122?
2202011121
In base 2, what is -10 + 11011100000101000101?
11011100000101000011
In base 9, what is 418 - -4031?
4450
In base 15, what is 8 + -1bea?
-1be2
In base 15, what is 15513 - 4?
1550e
In base 3, what is -10 - 112110112?
-112110122
In base 6, what is -155423523 - -4?
-155423515
In base 6, what is -12320 + 50?
-12230
In base 10, what is 18109 - 5?
18104
In base 4, what is -1120101231 + -3?
-1120101300
In base 11, what is 2027 - -103?
212a
In base 2, what is 10101000000100000000011 + -1?
10101000000100000000010
In base 15, what is -9 - 6452?
-645b
In base 11, what is 5a477 + -1?
5a476
In base 7, what is -10 - 1366635?
-1366645
In base 4, what is -111101211 - 0?
-111101211
In base 13, what is -b62a3 - -2?
-b62a1
In base 16, what is 2306a + -2?
23068
In base 12, what is 9 + -4b04?
-4ab7
In base 4, what is 10001231 - -122?
10002013
In base 8, what is 7 + 26651?
26660
In base 3, what is -11 - -212211222101?
212211222020
In base 13, what is 1803b + -2?
18039
In base 5, what is 1 - 31122404?
-31122403
In base 4, what is -2 + -1221123?
-1221131
In base 11, what is 1 + 65666?
65667
In base 13, what is -8346 + 0?
-8346
In base 4, what is 3202130 + -2?
3202122
In base 6, what is 0 - 235540?
-235540
In base 7, what is 3 - 40561?
-40555
In base 7, what is 320030 - 3?
320024
In base 16, what is -4 - 12fc?
-1300
In base 11, what is -717 + 9?
-709
In base 4, what is 1111 - 103200?
-102023
In base 13, what is -29b1 + -16?
-29c7
In base 16, what is 203c + -d?
202f
In base 6, what is -1 + -1112324?
-1112325
In base 14, what is -357cd + 0?
-357cd
In base 11, what is 27a - 458?
-189
In base 14, what is d8b0 - 3?
d8ab
In base 11, what is 101881 - 11?
101870
In base 5, what is -1104443433 + 4?
-1104443424
In base 15, what is e36 + 144?
107a
In base 11, what is -2 + -61aa?
-6201
In base 2, what is -11111 - -11?
-11100
In base 13, what is -295 - -cb7?
a22
In base 14, what is 1d1b81 - 0?
1d1b81
In base 11, what is 766086 - 1?
766085
In base 8, what is -1705137 - -5?
-1705132
In base 12, what is 1396 + -3?
1393
In base 15, what is -1 + -3d45?
-3d46
In base 16, what is 1 - -1910?
1911
In base 8, what is 5 - -73073?
73100
In base 8, what is -2644 - -370?
-2254
In base 12, what is -283 + -417?
-69a
In base 13, what is 3a1 + -180?
221
In base 5, what is 2300 - 312?
1433
In base 7, what is 413 - -44113?
44526
In base 14, what is 10b - -a?
117
In base 5, what is 134 - -114130?
114314
In base 14, what is -2 - -6d5c?
6d5a
In base 6, what is -3100304 + -2?
-3100310
In base 4, what is -13 - 112012?
-112031
In base 5, what is -10 - -1320030?
1320020
In base 2, what is 11 - -1100001001111111111?
1100001010000000010
In base 2, what is 11100011110 - -111?
11100100101
In base 9, what is 542288 - 1?
542287
In base 5, what is 4 - 11103?
-11044
In base 5, what is 14421 - -2013?
21434
In base 8, what is -1056223 - -3?
-1056220
In base 15, what is 3 + -2182?
-217e
In base 9, what is 21 + 12066?
12087
In base 5, what is 0 - 103133?
-103133
In base 8, what is 253441 - 22?
253417
In base 4, what is 112022 - 13202?
32220
In base 3, what is 10 - 10212212100?
-10212212020
In base 2, what is -1010000000001100 + 0?
-1010000000001100
In base 13, what is -2391b + -2?
-23920
In base 7, what is 35033610 - -3?
35033613
In base 14, what is 5a + 4b?
a7
In base 15, what is -352c1 - -5?
-352bb
In base 4, what is -131123213 + -23?
-131123302
In base 14, what is 30ca + -128?
2da2
In base 11, what is 1 - -1753?
1754
In base 12, what is -1294 - -b91?
-303
In base 5, what is -14 - 2303300?
-2303314
In base 16, what is -6 + -84b2?
-84b8
In base 14, what is -3 + 3a15b?
3a158
In base 13, what is -2266 - ca?
-2363
In base 6, what is 22523414 - 10?
22523404
In base 8, what is -20362 + -6?
-20370
In base 5, what is -1101301 + -3?
-1101304
In base 11, what is -46 + 3238?
31a2
In base 9, what is -5 + 163418?
163413
In base 12, what is -17 + 1b71?
1b56
In base 6, what is -1534 + -505?
-2443
In base 11, what is 2025 - 14a?
1986
In base 6, what is 43541 - 24?
43513
In base 11, what is -2 + -21044?
-21046
In base 4, what is 10 + 1213123320?
1213123330
In base 13, what is -b6519 - -3?
-b6516
In base 8, what is -234123 - -1?
-234122
In base 13, what is -4 + 253b25?
253b21
In base 2, what is 110011000110010001100 - 101?
110011000110010000111
In base 12, what is 4b601 - -5?
4b606
In base 2, what is 10 + 11100010001000011?
11100010001000101
In base 9, what is -1 + -41078?
-41080
In base 13, what is -38082 + 1?
-38081
In base 15, what is -8a6 - -1e?
-887
In base 10, what is 5 + -26484?
-26479
In base 3, what is -110100012020 + -11?
-110100012101
In base 7, what is 654115 + 5?
654123
In base 5, what is 142 + 121242?
121434
In base 15, what is 3 - -1da?
1dd
In base 11, what is -71 - 4323?
-4394
In base 6, what is 1252443 - 20?
1252423
In base 2, what is 101 + 1110010110010?
1110010110111
In base 6, what is -10351 - -105?
-10242
In base 9, what is -2 + 371307?
371305
In base 12, what is 3 + 292b9?
29300
In base 13, what is 12 - 3508?
-34c6
In base 6, what is 1044035 - 11?
1044024
In base 11, what is -989493 - 2?
-989495
In base 14, what is 55 - -5b?
b2
In base 8, what is -1 - -3443117?
3443116
In base 10, what is 4 - -636?
640
In base 6, what is -5 + 10222114?
10222105
In base 8, what is -31 - 247?
-300
In base 8, what is -1 - -4567763?
4567762
In base 5, what is 2221332 + 4?
2221341
In base 11, what is 3472 + -8?
3465
In base 2, what is -11 + 11101110110?
11101110011
In base 14, what is -785daa + -1?
-785dab
In base 8, what is -47346 - 3?
-47351
In base 11, what is 6 + 1693?
1699
In base 12, what is 5794 + 1?
5795
In base 5, what is -1242 + 1031333?
1030041
In base 13, what is 17889 + 49?
17905
In base 7, what is 300042 + 116?
300161
In base 7, what is 4 - -5446?
5453
In base 9, what is -56373 - -6?
-56366
In base 7, what is -3 - 323505?
-323511
In base 13, what is -4 - 4a256?
-4a25a
In base 14, what is da - -ba?
1b6
In base 11, what is -3a - 69a?
-729
In base 15, what is 701 + 7c0?
ec1
In base 6, what is -315 - 1130?
-1445
In base 4, what is 3031231 - -23?
3031320
In base 15, what is 228 - 232?
-9
In base 11, what is -2 + -10a47?
-10a49
In base 16, what is -7 + -d906?
-d90d
In base 11, what is -418220 - 2?
-418222
In base 12, what is 15 + -501a?
-5005
In base 3, what is -220 + -10100111?
-10101101
In base 5, what is 2 - -1304034?
1304041
In base 12, what is 4 - -a194?
a198
In base 15, what is -16 - 4d?
-64
In base 7, what is 1631 + -2?
1626
In base 4, what is -102100012 + 3?
-102100003
In base 2, what is -111000 - 1111100111100?
-1111101110100
In base 2, what is -100001011101 - -111000?
-100000100101
In base 12, what is -5b - -380?
321
In base 10, what is 1 + -605886?
-605885
In base 8, what is -164 + 354?
170
In base 10, what is -62894 - -2?
-62892
In base 2, what is 10011 + -100101111?
-100011100
In base 4, what is -2221 - -1012?
-1203
In base 4, what is 0 + -33323313?
-33323313
In base 12, what is -26154 - -3?
-26151
In base 7, what is -4 + 113313?
113306
In base 7, what is 1423 - 232?
1161
In base 5, what is -4 - -4404142?
4404133
In base 2, what is 10111010000001110001 + -11?
10111010000001101110
In base 3, what is 110120111 - 0?
110120111
In base 16, what is -2d9372 + 5?
-2d936d
In base 2, what is 110111001000 - 110?
110111000010
In base 4, what is 3103303 - 1?
3103302
In base 10, what is 2 - 1733?
-1731
In base 16, what is -69c0 + 3?
-69bd
In base 7, what is 3600 + -2450?
1120
In base 8, what is 44023 + -10?
44013
In base 16, what is b332b - 5?
b3326
In base 16, what is 3433 - 5?
342e
In base 10, what is 3574 + 462?
4036
In base 9, what is 462 + 207?
670
In base 9, what is -142 - -15816?
15664
In base 5, what is 4022213 - -2?
4022220
In base 5, what is -123321313 + -3?
-123321321
In base 8, what is 25725 + 10?
25735
In base 14, what is -3 - -11b3c?
11b39
In base 15, what is 3d2bd + 4?
3d2c2
In base 14, what is -1d2 - -cb?
-105
In base 7, what is -1 - 265440?
-265441
In base 7, what is 113561 + -1?
113560
In base 13, what is -3 - 65?
-68
In base 9, what is 1382 - -754?
2246
In base 12, what is 9806 + 0?
9806
In base 7, wha